= -m**2 + 4*m + 5. Let l be s(5). Let x = 1 - l. What are the prime factors of 7 + (1 + 0)*x?
2
Let t = -4 + 6. What are the prime factors of 15/3*(t + -1)?
5
Let r = -4 - -27. Let h = r + -15. List the prime factors of h.
2
Let d = -84 + 159. Let c = d - 29. Let n = -25 + c. What are the prime factors of n?
3, 7
Let c(t) = -t**3 + 6*t**2 - 5*t + 7. Suppose 2*l + 0*a - 8 = 2*a, -5*l = -a - 24. List the prime factors of c(l).
7
List the prime factors of (-51)/(-12)*4/1.
17
Suppose 3*a = -2*g - 41, -3*a + 4 = -3*g + 25. List the prime factors of (8 - 6)/((-2)/a).
11
Let c(k) = k + 11. Let p be c(-6). Let i = 92 + -62. Suppose p*q - 8*q + i = 0. What are the prime factors of q?
2, 5
Let q = -3 - -3. Let m be (-1 + 1)/(-1 + q). Suppose v = -2*w + 2 + 3, m = -w - v. What are the prime factors of w?
5
Let w(l) = 13*l**3 - l. Let h be w(-1). List the prime factors of -1*51*4/h.
17
Let v(l) = 4*l**2 + 2*l - 5. What are the prime factors of v(-3)?
5
Suppose -2*p - 3*p = -150. Let j = p + -17. List the prime factors of j.
13
Let b(t) = -t**3 + t + 3. Let i be b(0). Suppose 3*m - 27 = i. What are the prime factors of m?
2, 5
Suppose -q = -3*m - 2 - 4, -4 = -2*q - 2*m. Suppose 0 = s - 0*s - q. List the prime factors of s.
3
Suppose 0 = 2*d + 5*g - 11, -4*g = -d - 2 + 1. Let m = 6 - d. Suppose 0 = m*t + t - 64. What are the prime factors of t?
2
Suppose -4*m + 2*a = -0*a - 26, 3*m = 4*a + 32. Suppose -3*y + 0*y = -4*v + 24, -m*v = 3*y. List the prime factors of v.
3
Suppose 4*w = -2*m, w + 2*m + 2*m = 0. Suppose -44 = 2*u - f, -3*u - 76 = -w*u - 4*f. List the prime factors of (56/u)/((-4)/10).
7
Let q be (-1)/1*(-4 - -4). Suppose -c - 4*i = -11, 4*c + q - 2 = 5*i. Suppose -c*h + 0*h + 18 = 0. What are the prime factors of h?
2, 3
Let k(f) = -f**3 - 5*f**2 - 3*f - 6. Let u be k(-5). Suppose u*a - 20 = 7*a. List the prime factors of a.
2, 5
Let r(l) = l**3 - 4*l**2 - 6*l + 7. List the prime factors of r(5).
2
Let b be 14/(-4)*20/(-35). Suppose 5*k = 13 - 3. Suppose -28 = -k*v - b. List the prime factors of v.
13
Let s(d) = 2*d - 7 + d**2 - 11*d + 7*d. What are the prime factors of s(-6)?
41
Let t be ((-4)/5)/((-4)/(-20)). Let p(z) = -z**2 - 2*z - 2. Let m be p(-2). Let h = m - t. What are the prime factors of h?
2
Let y = 0 + 0. Let j(z) = z**3 + 8 + 5 - z**2 - 2 - 3. List the prime factors of j(y).
2
Let g(k) = -k - 1. Let v(p) = -p. Let u(f) = 3*g(f) - 5*v(f). What are the prime factors of u(3)?
3
Suppose -4*x + 6 = 2, -5*f + 919 = -x. Suppose y - f = -3*y. What are the prime factors of y?
2, 23
Let d(q) = -10*q**2 - 13*q + 28. Let m(v) = 7*v**2 + 9*v - 19. Let z(a) = -5*d(a) - 7*m(a). List the prime factors of z(-5).
2
Suppose -f + 2*m + 328 = -6*f, 2*m = -2*f - 130. Let u be (-2)/(-10)*f*-5. Suppose -5*l + u - 11 = 0. List the prime factors of l.
11
Let h(q) = -4*q - 2*q + 5*q - 2. Let s be h(-6). Suppose -s*n + 7 = -1. What are the prime factors of n?
2
Let j(p) = p**2 - 10*p + 5. Let w be j(10). Suppose w = -s + 17. What are the prime factors of s?
2, 3
Suppose -134 - 16 = -3*m. List the prime factors of m.
2, 5
Let w(p) = 5*p + 3 - 4 - 3. List the prime factors of w(3).
11
Suppose -5*m = -3*m - 12. Suppose -2*y = l - y - m, 4*y = 4*l + 16. List the prime factors of (-2)/(l + 6/(-4)).
2
Let x = -68 + 382. What are the prime factors of x?
2, 157
Let f(i) = 9*i - 12. What are the prime factors of f(6)?
2, 3, 7
Let z be (-20)/(-8)*(-24)/(-10). Let u be 16/z - (-2)/6. List the prime factors of (-13)/(-1) + (1 - u).
11
Let q = 1 - -3. Suppose -4*f = q*y - 2*f - 66, 3*y = -f + 47. List the prime factors of y.
2, 7
Suppose 4*y + 4*c = 3*c + 8, 17 = -3*y + 5*c. Let k be y/(2*3/18). Suppose 3*z + 1 = w + 4, 3*w = 3*z + k. List the prime factors of z.
2
Suppose 3*g - 81 = -4*h - h, -4*g - 5*h = -113. Let n = -55 - -37. Let b = g + n. What are the prime factors of b?
2, 7
Suppose p - 153 = -3*p - 3*f, -p - 2*f + 32 = 0. Suppose -3*m = -0*m - p. List the prime factors of m.
2, 7
Suppose 3*j - 25 = -2*j. Suppose 2*s - 35 = k, -j*s + 5*k + 92 = k. What are the prime factors of s?
2
Suppose 2*z = -a + 2*a - 184, -a - 2*z = -184. What are the prime factors of a?
2, 23
Let m(o) be the third derivative of -o**5/60 + 5*o**4/8 - 7*o**3/3 + 2*o**2. What are the prime factors of m(12)?
2, 11
Let i = 374 + -260. List the prime factors of i.
2, 3, 19
Let y = 8 - 6. Suppose -8 = -4*c, 4*c - y = 2*x - 0*x. Suppose 0 = -5*a - 2*n + 75, -4*n - n = -x*a + 14. List the prime factors of a.
13
Let k = -6 + 7. Let h = 14 - k. List the prime factors of h.
13
Let t(i) = i**3 - 5*i**2 - 6*i + 1. Let z be t(6). Let h be (-2 + 1 + 0)*z. Let r = h + 6. What are the prime factors of r?
5
Let g be ((-4)/6)/((-8)/(-36)). List the prime factors of 45 - 0/(2 + g).
3, 5
Suppose 0*a = 2*a. Suppose 0*m + 11 = t + 3*m, 2*t - 5*m + 11 = a. List the prime factors of 2/4*t*2.
2
Let x = 11 - 15. List the prime factors of (9 + -1)*(-6)/x.
2, 3
Let o = 7 + -5. Let x(y) = 3*y + 3 + o*y - 6*y. List the prime factors of x(-6).
3
Let h be (-4)/(-6) - (-2)/6. Suppose -4*d + 3*r = 13, d + 2*r + 5 = -h. Let x = 6 + d. What are the prime factors of x?
2
Let v(o) = o**2 + 6*o - 8. Let h be v(-6). Let u = 11 + h. Suppose 19 = -u*m + 58. List the prime factors of m.
13
What are the prime factors of (-33)/11 - (-23)/1?
2, 5
Let j be (6/(-1))/(6/(-4)). Let g = j - 0. List the prime factors of g.
2
Let q(a) = -a**2 - 35*a + 36. What are the prime factors of q(-16)?
2, 5, 17
Let g(d) = -2*d - 4. Let y be g(-6). Suppose -2 + y = m. List the prime factors of m/(-9) + 8/3.
2
Suppose g - 122 = -2*q + 4*g, 2*q = -5*g + 106. What are the prime factors of q?
2, 29
Let a(p) = p**3 - p. Let u be a(1). Let q be (-5 - (1 + 1)) + u. Let t = 13 + q. List the prime factors of t.
2, 3
Suppose 0 = 3*b - 6 + 21, 4*b = 5*p - 50. Suppose p + 10 = 4*k. What are the prime factors of k?
2
Let y(t) = -t**2 - 11*t - 4. List the prime factors of y(-5).
2, 13
What are the prime factors of -8 - -126 - (2 + -1)?
3, 13
List the prime factors of (-3 - -4 - -88) + -4.
5, 17
Let k = -4 - -4. Let i = -2 + k. What are the prime factors of i/7 + (-130)/(-14)?
3
Let r = 114 - 67. Let y = 78 - r. List the prime factors of y.
31
Let u = -108 - -225. What are the prime factors of u?
3, 13
Let u(f) = -f**2 - 7*f - 2. Let s = -1 + 0. Let x(p) = 5*p. Let c be x(s). What are the prime factors of u(c)?
2
Suppose 2*s - 89 - 49 = 0. List the prime factors of s.
3, 23
What are the prime factors of ((-8)/(-12))/((-4)/(-657))*2?
3, 73
Let g(m) = m**3 + 6*m**2 + 4*m - 3. Let r be g(-5). Suppose r*c - 4 = -z, c = -z + 2*c + 1. List the prime factors of z.
2
Suppose 8*f = 9*f - 251. List the prime factors of f.
251
Suppose o + 8 = 112. List the prime factors of o.
2, 13
Let d be -6*(-3 + (-44)/(-12)). List the prime factors of (-201)/(-12) - (-3)/d.
2
Let n(x) = -2*x - 13. Let l be n(-11). Let m = l + -2. What are the prime factors of m?
7
Let w be (-1)/(-1*(-1)/(-18)). Let t = 32 - w. List the prime factors of t.
2, 7
Let f = -6 - -44. List the prime factors of f.
2, 19
Suppose -43 = -3*h + 4*q, -h + 3*h + q - 36 = 0. What are the prime factors of h?
17
Let g(u) = 2*u**3 + 16*u**2 - 10*u - 9. List the prime factors of g(-8).
71
Let v(p) = -9*p + 1. Let h be v(1). Let d = h - -13. List the prime factors of d.
5
Suppose 12 = q - 9. What are the prime factors of q?
3, 7
List the prime factors of 3 - 1 - (0 - 42).
2, 11
Let q(k) = k**2 - 7*k + 3. Let l be q(7). Suppose l*a = -4*r + 116, -3*a + 75 = -a + 5*r. What are the prime factors of 10/(-15) + a/6?
2, 3
Suppose -3*m = 3*d + 9, 36 - 12 = -5*m - 2*d. Let b = m - -8. List the prime factors of b.
2
Suppose 0*y + 4 = 4*y, 5*y - 21 = -2*r. Let u = r + 11. List the prime factors of u.
19
Let z(u) = -2*u - 7. Let a be z(5). Let n = 30 + a. List the prime factors of n.
13
List the prime factors of 11*(7 - 5)/((-2)/(-9)).
3, 11
Let j(p) = -2*p**2 + 37*p - 10. List the prime factors of j(15).
5, 19
Let r = 7 + -8. List the prime factors of r/(1/(-2))*3.
2, 3
Let p be -1 + 1 - (-2 - -9). Let u = 14 + -19. Let h = u - p. List the prime factors of h.
2
What are the prime factors of (18*6 - 0) + 1?
109
Suppose 5*c + 47 = -i, c + i - 4 = -11. Let v = -15 - c. List the prime factors of (-10)/v - (-3 - 1).
2, 3
Let g be (0 - 0)*2/4